{"id":3578,"date":"2017-09-05T19:21:20","date_gmt":"2017-09-05T17:21:20","guid":{"rendered":"http:\/\/raabe-berlin.de\/?page_id=3578"},"modified":"2023-10-30T19:48:28","modified_gmt":"2023-10-30T18:48:28","slug":"weihnachtswanderungen-gallerie","status":"publish","type":"page","link":"https:\/\/raabe-berlin.de\/?page_id=3578","title":{"rendered":"Weihnachtswanderungen Gallerie"},"content":{"rendered":"<p>Zugegeben die Idee stammt nicht von uns &#8230; wir kennen solche Wanderungen von Freunden aus der &#8220;Ruderer&#8221;-Szene ;-).<br \/>\nEine gute Gelegenheit Nachbarn, Freunde und Bekannte zusammenzuf\u00fchren und ganz zwanglos das Jahresende einzul\u00e4uten und sich auf die Feiertage einzustimmen.<\/p>\n<ul>\n<li>2010&nbsp; Wanderung vom S-Bhf. Hirschgarten<\/li>\n<li>2011&nbsp; Wanderung vom S-Bhf. Friedrichshagen, \u00fcber Heidem\u00fchle<\/li>\n<li>2012&nbsp; Wanderung vom S-Bhf. Rahnsdorf<\/li>\n<li>2013&nbsp; Wanderung vom S-Bhf. Friedrichshagen \u00fcber Heidem\u00fchle<\/li>\n<li>2014&nbsp; Wanderung vom S-Bhf. Friedrichshagen \u00fcber Ravenstein\/Heidem\u00fchle<\/li>\n<li>2015&nbsp; Wanderung vom S-Bhf. Wuhlheide \u00fcber Dammheide<\/li>\n<li>2016&nbsp; Erlebnisbahn Zossen-Mellensee, Wanderung und G\u00e4nsebraten<\/li>\n<li>2017&nbsp; Wanderung vom S-Bhf. Hoppegarten (<a href=\"http:\/\/www.tkt-berlin.de\/wandern-e11.html\">E11 \u2013 Europ\u00e4ischer Wanderweg<\/a>)<\/li>\n<li>2018&nbsp; Wanderung vom S-Bhf. Hoppegarten, die l\u00e4ngere Variante<\/li>\n<li>2019&nbsp; Wanderung zum Katzengrabenbr\u00fccken, weihnachliche Stadtf\u00fchrung in K\u00f6penick und Einkehr im Ratskeller<\/li>\n<li>2020 Eigentlich sollte es zum <a href=\"https:\/\/bad-freienwalde.de\/baasee\/\" target=\"_blank\" rel=\"noopener\">Baasee<\/a> gehen &#8230; wir sind nur in Minirunde gelaufen<\/li>\n<li>2021 Wanderung vom&nbsp;S-Bhf. Hoppegarten<\/li>\n<li>2022 Wanderung vom S-Bhf. Hoppegarten&nbsp;<\/li>\n<\/ul>\n<p>Ein paar Impressionen von den Weihnachtswanderungen:<\/p>\nngg_shortcode_0_placeholder\n<h3>Related Images:<\/h3><div class=\"ngg-related-gallery\">\n\t\t\t<a href=\"https:\/\/raabe-berlin.de\/wp-content\/gallery\/weihnachtswanderungen\/2016_IMG_3207.jpg\"\n\t\t\ttitle=\" \"\n\t\t\t\t\t\t\t\t\t\t\t\t\t\t\tclass=\"ngg-fancybox\" rel=\"2bea818119b0db5b1f1a665692006986\" data-image-id=\"1339\" data-src=\"https:\/\/raabe-berlin.de\/wp-content\/gallery\/weihnachtswanderungen\/2016_IMG_3207.jpg\" data-thumbnail=\"https:\/\/raabe-berlin.de\/wp-content\/gallery\/weihnachtswanderungen\/thumbs\/thumbs_2016_IMG_3207.jpg\" data-title=\"2016_IMG_3207\" data-description=\" \">\n\t\t\t<img title=\"2016_IMG_3207\"\n\t\t\t\talt=\"2016_IMG_3207\"\n\t\t\t\tdata-image-id=\"1339\"\n\t\t\t\tsrc=\"\"\/>\n\t\t<\/a>\n\t\t\t<a href=\"https:\/\/raabe-berlin.de\/wp-content\/gallery\/weihnachtswanderungen\/2016_IMG_3212.jpg\"\n\t\t\ttitle=\" \"\n\t\t\t\t\t\t\t\t\t\t\t\t\t\t\tclass=\"ngg-fancybox\" rel=\"2bea818119b0db5b1f1a665692006986\" data-image-id=\"1340\" data-src=\"https:\/\/raabe-berlin.de\/wp-content\/gallery\/weihnachtswanderungen\/2016_IMG_3212.jpg\" data-thumbnail=\"https:\/\/raabe-berlin.de\/wp-content\/gallery\/weihnachtswanderungen\/thumbs\/thumbs_2016_IMG_3212.jpg\" data-title=\"2016_IMG_3212\" data-description=\" \">\n\t\t\t<img title=\"2016_IMG_3212\"\n\t\t\t\talt=\"2016_IMG_3212\"\n\t\t\t\tdata-image-id=\"1340\"\n\t\t\t\tsrc=\"\"\/>\n\t\t<\/a>\n\t\t\t<a href=\"https:\/\/raabe-berlin.de\/wp-content\/gallery\/weihnachtswanderungen\/2016_IMG_3218.jpg\"\n\t\t\ttitle=\" \"\n\t\t\t\t\t\t\t\t\t\t\t\t\t\t\tclass=\"ngg-fancybox\" rel=\"2bea818119b0db5b1f1a665692006986\" data-image-id=\"1341\" data-src=\"https:\/\/raabe-berlin.de\/wp-content\/gallery\/weihnachtswanderungen\/2016_IMG_3218.jpg\" data-thumbnail=\"https:\/\/raabe-berlin.de\/wp-content\/gallery\/weihnachtswanderungen\/thumbs\/thumbs_2016_IMG_3218.jpg\" data-title=\"2016_IMG_3218\" data-description=\" \">\n\t\t\t<img title=\"2016_IMG_3218\"\n\t\t\t\talt=\"2016_IMG_3218\"\n\t\t\t\tdata-image-id=\"1341\"\n\t\t\t\tsrc=\"\"\/>\n\t\t<\/a>\n\t\t\t<a href=\"https:\/\/raabe-berlin.de\/wp-content\/gallery\/weihnachtswanderungen\/2016_IMG_3222.jpg\"\n\t\t\ttitle=\" \"\n\t\t\t\t\t\t\t\t\t\t\t\t\t\t\tclass=\"ngg-fancybox\" rel=\"2bea818119b0db5b1f1a665692006986\" data-image-id=\"1342\" data-src=\"https:\/\/raabe-berlin.de\/wp-content\/gallery\/weihnachtswanderungen\/2016_IMG_3222.jpg\" data-thumbnail=\"https:\/\/raabe-berlin.de\/wp-content\/gallery\/weihnachtswanderungen\/thumbs\/thumbs_2016_IMG_3222.jpg\" data-title=\"2016_IMG_3222\" data-description=\" \">\n\t\t\t<img title=\"2016_IMG_3222\"\n\t\t\t\talt=\"2016_IMG_3222\"\n\t\t\t\tdata-image-id=\"1342\"\n\t\t\t\tsrc=\"\"\/>\n\t\t<\/a>\n\t\t\t<a href=\"https:\/\/raabe-berlin.de\/wp-content\/gallery\/weihnachtswanderungen\/2016_IMG_3223.jpg\"\n\t\t\ttitle=\" \"\n\t\t\t\t\t\t\t\t\t\t\t\t\t\t\tclass=\"ngg-fancybox\" rel=\"2bea818119b0db5b1f1a665692006986\" data-image-id=\"1343\" data-src=\"https:\/\/raabe-berlin.de\/wp-content\/gallery\/weihnachtswanderungen\/2016_IMG_3223.jpg\" data-thumbnail=\"https:\/\/raabe-berlin.de\/wp-content\/gallery\/weihnachtswanderungen\/thumbs\/thumbs_2016_IMG_3223.jpg\" data-title=\"2016_IMG_3223\" data-description=\" \">\n\t\t\t<img title=\"2016_IMG_3223\"\n\t\t\t\talt=\"2016_IMG_3223\"\n\t\t\t\tdata-image-id=\"1343\"\n\t\t\t\tsrc=\"\"\/>\n\t\t<\/a>\n\t\t\t<a href=\"https:\/\/raabe-berlin.de\/wp-content\/gallery\/weihnachtswanderungen\/2016_IMG_3224.jpg\"\n\t\t\ttitle=\" \"\n\t\t\t\t\t\t\t\t\t\t\t\t\t\t\tclass=\"ngg-fancybox\" rel=\"2bea818119b0db5b1f1a665692006986\" data-image-id=\"1344\" data-src=\"https:\/\/raabe-berlin.de\/wp-content\/gallery\/weihnachtswanderungen\/2016_IMG_3224.jpg\" data-thumbnail=\"https:\/\/raabe-berlin.de\/wp-content\/gallery\/weihnachtswanderungen\/thumbs\/thumbs_2016_IMG_3224.jpg\" data-title=\"2016_IMG_3224\" data-description=\" \">\n\t\t\t<img title=\"2016_IMG_3224\"\n\t\t\t\talt=\"2016_IMG_3224\"\n\t\t\t\tdata-image-id=\"1344\"\n\t\t\t\tsrc=\"\"\/>\n\t\t<\/a>\n\t\t\t<a href=\"https:\/\/raabe-berlin.de\/wp-content\/gallery\/weihnachtswanderungen\/2016_IMG_3226.jpg\"\n\t\t\ttitle=\" \"\n\t\t\t\t\t\t\t\t\t\t\t\t\t\t\tclass=\"ngg-fancybox\" rel=\"2bea818119b0db5b1f1a665692006986\" data-image-id=\"1345\" data-src=\"https:\/\/raabe-berlin.de\/wp-content\/gallery\/weihnachtswanderungen\/2016_IMG_3226.jpg\" data-thumbnail=\"https:\/\/raabe-berlin.de\/wp-content\/gallery\/weihnachtswanderungen\/thumbs\/thumbs_2016_IMG_3226.jpg\" data-title=\"2016_IMG_3226\" data-description=\" \">\n\t\t\t<img title=\"2016_IMG_3226\"\n\t\t\t\talt=\"2016_IMG_3226\"\n\t\t\t\tdata-image-id=\"1345\"\n\t\t\t\tsrc=\"\"\/>\n\t\t<\/a>\n\t<\/div>\n","protected":false},"excerpt":{"rendered":"<p>Zugegeben die Idee stammt nicht von uns &#8230; wir kennen solche Wanderungen von Freunden aus der &#8220;Ruderer&#8221;-Szene ;-). Eine gute Gelegenheit Nachbarn, Freunde und Bekannte zusammenzuf\u00fchren und ganz zwanglos das Jahresende einzul\u00e4uten und sich auf die Feiertage einzustimmen. 2010&nbsp; Wanderung &hellip; <a href=\"https:\/\/raabe-berlin.de\/?page_id=3578\">Weiterlesen <span class=\"meta-nav\">&rarr;<\/span><\/a><\/p>\n","protected":false},"author":1,"featured_media":0,"parent":0,"menu_order":0,"comment_status":"closed","ping_status":"closed","template":"","meta":{"ngg_post_thumbnail":0,"footnotes":""},"class_list":["post-3578","page","type-page","status-publish","hentry"],"aioseo_notices":[],"_links":{"self":[{"href":"https:\/\/raabe-berlin.de\/index.php?rest_route=\/wp\/v2\/pages\/3578","targetHints":{"allow":["GET"]}}],"collection":[{"href":"https:\/\/raabe-berlin.de\/index.php?rest_route=\/wp\/v2\/pages"}],"about":[{"href":"https:\/\/raabe-berlin.de\/index.php?rest_route=\/wp\/v2\/types\/page"}],"author":[{"embeddable":true,"href":"https:\/\/raabe-berlin.de\/index.php?rest_route=\/wp\/v2\/users\/1"}],"replies":[{"embeddable":true,"href":"https:\/\/raabe-berlin.de\/index.php?rest_route=%2Fwp%2Fv2%2Fcomments&post=3578"}],"version-history":[{"count":12,"href":"https:\/\/raabe-berlin.de\/index.php?rest_route=\/wp\/v2\/pages\/3578\/revisions"}],"predecessor-version":[{"id":4989,"href":"https:\/\/raabe-berlin.de\/index.php?rest_route=\/wp\/v2\/pages\/3578\/revisions\/4989"}],"wp:attachment":[{"href":"https:\/\/raabe-berlin.de\/index.php?rest_route=%2Fwp%2Fv2%2Fmedia&parent=3578"}],"curies":[{"name":"wp","href":"https:\/\/api.w.org\/{rel}","templated":true}]}}