{"id":4978,"date":"2023-10-30T18:33:51","date_gmt":"2023-10-30T17:33:51","guid":{"rendered":"https:\/\/raabe-berlin.de\/?page_id=4978"},"modified":"2023-10-30T18:33:51","modified_gmt":"2023-10-30T17:33:51","slug":"segelausbildung","status":"publish","type":"page","link":"https:\/\/raabe-berlin.de\/?page_id=4978","title":{"rendered":"Segelausbildung"},"content":{"rendered":"<p>Ich selbst habe beim <a href=\"https:\/\/sc-brise.de\/ausbildung\/\" target=\"_blank\" rel=\"noopener\">SC Brise 1898 e.V.<\/a> , also im Verein Segeln gelernt und sch\u00e4tze diese Segelausbildung sehr. Ausbildung im Verein bedeutet f\u00fcr mich immer ganz pers\u00f6nliches Engagement. Die theoretische und praktische Ausbildung wird von erfahrenden Sportfreunden durchgef\u00fchrt, die mit &#8220;R\u00fcckendeckung&#8221; der Gemeinschaft durch das Programm f\u00fchren. Da bleibt keine Frage offen und wenn es mal etwas l\u00e4nger dauert ist dies kein Problem.<br \/>\nIch beteilige mich nun schon seit 2016 an der Ausbildung eher mit Blick auf die See &#8211; Ostsee und kann diese nur w\u00e4rmstens empfehlen.<\/p>\n<p>Alle Ausbilder beim SC Brise sind erfahrene Fahrten- und Regattasegler. Gern geben sie Tipps und Kniffe an Sie weiter, damit Sie noch mehr Freude haben am erholsamen und naturverbundenen Hobby Wassersport.&nbsp;<\/p>\n<p>Die Ausbildung findet seit Corona kombiniert sowohl Online also auch im Pr\u00e4senzunterricht statt. Die Termine sind so gelegt, dass sie vorwiegend in der Woche liegen und ihre Familie nicht zu sehr belastet wird. Wir nehmen uns Zeit und speziell beim <a title=\"Skippertraining\" href=\"https:\/\/raabe-berlin.de\/?page_id=4213\">Skippertraining<\/a> ist es nicht die Masse die Z\u00e4hlt sondern es gehen nur 4 Teilnehmer\/innen auf eine Yacht!<\/p>\n<p>Das aktuelle Angebot finden sie hier &lt;<a title=\"Segelausbildung\" href=\"https:\/\/sc-brise.de\/ausbildung\/\" target=\"_blank\" rel=\"noopener\">Ausbildung im SC Brise 1898<\/a>&gt;.<\/p>\n<h3>Related Images:<\/h3>","protected":false},"excerpt":{"rendered":"<p>Ich selbst habe beim SC Brise 1898 e.V. , also im Verein Segeln gelernt und sch\u00e4tze diese Segelausbildung sehr. Ausbildung im Verein bedeutet f\u00fcr mich immer ganz pers\u00f6nliches Engagement. Die theoretische und praktische Ausbildung wird von erfahrenden Sportfreunden durchgef\u00fchrt, die &hellip; <a href=\"https:\/\/raabe-berlin.de\/?page_id=4978\">Weiterlesen <span class=\"meta-nav\">&rarr;<\/span><\/a><\/p>\n","protected":false},"author":1,"featured_media":0,"parent":0,"menu_order":0,"comment_status":"closed","ping_status":"closed","template":"","meta":{"ngg_post_thumbnail":0,"footnotes":""},"class_list":["post-4978","page","type-page","status-publish","hentry"],"aioseo_notices":[],"_links":{"self":[{"href":"https:\/\/raabe-berlin.de\/index.php?rest_route=\/wp\/v2\/pages\/4978","targetHints":{"allow":["GET"]}}],"collection":[{"href":"https:\/\/raabe-berlin.de\/index.php?rest_route=\/wp\/v2\/pages"}],"about":[{"href":"https:\/\/raabe-berlin.de\/index.php?rest_route=\/wp\/v2\/types\/page"}],"author":[{"embeddable":true,"href":"https:\/\/raabe-berlin.de\/index.php?rest_route=\/wp\/v2\/users\/1"}],"replies":[{"embeddable":true,"href":"https:\/\/raabe-berlin.de\/index.php?rest_route=%2Fwp%2Fv2%2Fcomments&post=4978"}],"version-history":[{"count":1,"href":"https:\/\/raabe-berlin.de\/index.php?rest_route=\/wp\/v2\/pages\/4978\/revisions"}],"predecessor-version":[{"id":4979,"href":"https:\/\/raabe-berlin.de\/index.php?rest_route=\/wp\/v2\/pages\/4978\/revisions\/4979"}],"wp:attachment":[{"href":"https:\/\/raabe-berlin.de\/index.php?rest_route=%2Fwp%2Fv2%2Fmedia&parent=4978"}],"curies":[{"name":"wp","href":"https:\/\/api.w.org\/{rel}","templated":true}]}}